{"id":344,"date":"2020-09-06T11:03:59","date_gmt":"2020-09-06T09:03:59","guid":{"rendered":"https:\/\/www.sanquirino.info\/eventi\/il-servizio-per-te\/carta-famiglia\/"},"modified":"2022-07-19T08:59:04","modified_gmt":"2022-07-19T06:59:04","slug":"carta-famiglia","status":"publish","type":"page","link":"https:\/\/www.sanquirino.info\/eventi\/il-servizio-per-te\/carta-famiglia\/","title":{"rendered":"Carta Famiglia"},"content":{"rendered":"\n<h3 id=\"block-1e9ea371-72e2-4a50-84bf-b6a6e7e31fed\"><br>Carta Famiglia<\/h3>\n\n\n\n<p id=\"block-647ec339-fb6e-4566-84eb-d14121afd82d\">CHE COS\u2019\u00c8?<\/p>\n\n\n\n<p>La Carta famiglia \u00e8 una misura regionale che promuove e sostiene le famiglie con figli a carico residenti nel territorio regionale.<\/p>\n\n\n\n<h3 id=\"block-294e6c10-724a-447d-9a8f-e4e8277c2037\"><strong>CHI PU\u00d2 RICHIEDERLA<\/strong><\/h3>\n\n\n\n<p>La Carta famiglia pu\u00f2 essere richiesta da:<br>a)&nbsp;<strong>uno solo dei genitori<\/strong>&nbsp;appartenenti allo stesso nucleo familiare;<\/p>\n\n\n\n<p>b) in caso di separazione o divorzio, dal&nbsp;<strong>genitore che ha la cura della ordinaria gestione del figlio e che con esso convive<\/strong>, come indicato consensualmente dai genitori o come individuabile dal provvedimento giudiziale concernente l&#8217;affidamento o l&#8217;abituale collocazione abitativa del figlio;<\/p>\n\n\n\n<p>c)&nbsp;<strong>il genitore adottivo<\/strong>, a decorrere dall\u2019inizio del periodo di affidamento preadottivo, ai sensi della legge 4 maggio 1983, n. 184 (Diritto del minore ad una famiglia);<\/p>\n\n\n\n<p>d)&nbsp;<strong>la persona affidataria di minori<\/strong>, ai sensi della legge 184\/1983, per il periodo di permanenza dei minori in famiglia;<\/p>\n\n\n\n<p>e)&nbsp;<strong>la madre di figli a carico inserita in un percorso personalizzato di protezione e sostegno all\u2019uscita da situazioni di violenza debitamente attestato<\/strong>&nbsp;dal Servizio sociale dei Comuni, di cui all\u2019articolo 17 della legge regionale 31 marzo 2006, n. 6 (Sistema integrato di interventi e servizi per la promozione e la tutela dei diritti di cittadinanza sociale) o da un Centro antiviolenza o da una Casa rifugio operanti nel territorio del Friuli Venezia Giulia che siano iscritti nell\u2019elenco regionale delle strutture antiviolenza previsto dall\u2019articolo 19 della legge regionale 6 agosto 2021, n. 12 (Interventi per la tutela delle donne vittime di violenza e per il contrasto e la prevenzione di atti violenti e discriminatori) o che, nelle more di istituzione dello stesso, siano in possesso dei requisiti minimi sanciti dall&#8217;Intesa Stato-Regioni e Autonomie locali del 27 novembre 2014.<\/p>\n\n\n\n<h4><strong>COME E QUANDO RICHIEDERLA<\/strong><\/h4>\n\n\n\n<p>La domanda di Carta famiglia pu\u00f2 essere presentata dal soggetto in possesso dei requisiti esclusivamente tramite\u00a0<a href=\"https:\/\/www.regione.fvg.it\/rafvg\/cms\/RAFVG\/famiglia-casa\/politiche-famiglia\/FOGLIA46\/frontend\">il Front end<\/a>\u00a0dedicato.<br><br>\u00c8 possibile accedere al <a rel=\"noreferrer noopener\" href=\"https:\/\/cartafamiglia.regione.fvg.it\/\" data-type=\"URL\" data-id=\"https:\/\/cartafamiglia.regione.fvg.it\/\" target=\"_blank\">FRONT END<\/a> solo attraverso una delle seguenti modalit\u00e0:<\/p>\n\n\n\n<ol><li><a href=\"https:\/\/www.spid.gov.it\/\">SPID &#8211; Sistema pubblico di identit\u00e0 digitale<\/a><\/li><li><a href=\"https:\/\/www.cartaidentita.interno.gov.it\/\">CIE &#8211; Carta d\u2019i dentit\u00e0 elettronica italiana<\/a><\/li><li><a href=\"https:\/\/www.regione.fvg.it\/rafvg\/cms\/RAFVG\/GEN\/carta-regionale-servizi\/\">CRS \u2013 Carta Regionale dei Servizi<\/a><\/li><\/ol>\n\n\n\n<p>La domanda di Carta famiglia pu\u00f2 essere presentata in qualsiasi momento dell\u2019anno, anche contestualmente alla richiesta di benefici eventualmente attivati dall\u2019Amministrazione regionale.<\/p>\n\n\n\n<p><\/p>\n\n\n\n<h3 id=\"block-a6276b45-bd17-45fc-a7e5-6e295809a8a8\"><\/h3>\n","protected":false},"excerpt":{"rendered":"<p>Carta Famiglia CHE COS\u2019\u00c8? La Carta famiglia \u00e8 una misura regionale che promuove e sostiene le famiglie con figli a carico residenti nel territorio regionale. CHI PU\u00d2 RICHIEDERLA La Carta famiglia pu\u00f2 essere richiesta da:a)&nbsp;uno solo dei genitori&nbsp;appartenenti allo stesso nucleo familiare; b) in caso di separazione o divorzio, dal&nbsp;genitore che ha la cura della [&hellip;]<\/p>\n","protected":false},"author":25,"featured_media":0,"parent":145,"menu_order":4,"comment_status":"closed","ping_status":"closed","template":"","meta":[],"_links":{"self":[{"href":"https:\/\/www.sanquirino.info\/eventi\/wp-json\/wp\/v2\/pages\/344"}],"collection":[{"href":"https:\/\/www.sanquirino.info\/eventi\/wp-json\/wp\/v2\/pages"}],"about":[{"href":"https:\/\/www.sanquirino.info\/eventi\/wp-json\/wp\/v2\/types\/page"}],"author":[{"embeddable":true,"href":"https:\/\/www.sanquirino.info\/eventi\/wp-json\/wp\/v2\/users\/25"}],"replies":[{"embeddable":true,"href":"https:\/\/www.sanquirino.info\/eventi\/wp-json\/wp\/v2\/comments?post=344"}],"version-history":[{"count":7,"href":"https:\/\/www.sanquirino.info\/eventi\/wp-json\/wp\/v2\/pages\/344\/revisions"}],"predecessor-version":[{"id":1073,"href":"https:\/\/www.sanquirino.info\/eventi\/wp-json\/wp\/v2\/pages\/344\/revisions\/1073"}],"up":[{"embeddable":true,"href":"https:\/\/www.sanquirino.info\/eventi\/wp-json\/wp\/v2\/pages\/145"}],"wp:attachment":[{"href":"https:\/\/www.sanquirino.info\/eventi\/wp-json\/wp\/v2\/media?parent=344"}],"curies":[{"name":"wp","href":"https:\/\/api.w.org\/{rel}","templated":true}]}}

<h3 id="block-1e9ea371-72e2-4a50-84bf-b6a6e7e31fed"><br>Carta Famiglia</h3>



<p id="block-647ec339-fb6e-4566-84eb-d14121afd82d">CHE COS’È?</p>



<p>La Carta famiglia è una misura regionale che promuove e sostiene le famiglie con figli a carico residenti nel territorio regionale.</p>



<h3 id="block-294e6c10-724a-447d-9a8f-e4e8277c2037"><strong>CHI PUÒ RICHIEDERLA</strong></h3>



<p>La Carta famiglia può essere richiesta da:<br>a)&nbsp;<strong>uno solo dei genitori</strong>&nbsp;appartenenti allo stesso nucleo familiare;</p>



<p>b) in caso di separazione o divorzio, dal&nbsp;<strong>genitore che ha la cura della ordinaria gestione del figlio e che con esso convive</strong>, come indicato consensualmente dai genitori o come individuabile dal provvedimento giudiziale concernente l&#8217;affidamento o l&#8217;abituale collocazione abitativa del figlio;</p>



<p>c)&nbsp;<strong>il genitore adottivo</strong>, a decorrere dall’inizio del periodo di affidamento preadottivo, ai sensi della legge 4 maggio 1983, n. 184 (Diritto del minore ad una famiglia);</p>



<p>d)&nbsp;<strong>la persona affidataria di minori</strong>, ai sensi della legge 184/1983, per il periodo di permanenza dei minori in famiglia;</p>



<p>e)&nbsp;<strong>la madre di figli a carico inserita in un percorso personalizzato di protezione e sostegno all’uscita da situazioni di violenza debitamente attestato</strong>&nbsp;dal Servizio sociale dei Comuni, di cui all’articolo 17 della legge regionale 31 marzo 2006, n. 6 (Sistema integrato di interventi e servizi per la promozione e la tutela dei diritti di cittadinanza sociale) o da un Centro antiviolenza o da una Casa rifugio operanti nel territorio del Friuli Venezia Giulia che siano iscritti nell’elenco regionale delle strutture antiviolenza previsto dall’articolo 19 della legge regionale 6 agosto 2021, n. 12 (Interventi per la tutela delle donne vittime di violenza e per il contrasto e la prevenzione di atti violenti e discriminatori) o che, nelle more di istituzione dello stesso, siano in possesso dei requisiti minimi sanciti dall&#8217;Intesa Stato-Regioni e Autonomie locali del 27 novembre 2014.</p>



<h4><strong>COME E QUANDO RICHIEDERLA</strong></h4>



<p>La domanda di Carta famiglia può essere presentata dal soggetto in possesso dei requisiti esclusivamente tramite <a href="https://www.regione.fvg.it/rafvg/cms/RAFVG/famiglia-casa/politiche-famiglia/FOGLIA46/frontend">il Front end</a> dedicato.<br><br>È possibile accedere al <a rel="noreferrer noopener" href="https://cartafamiglia.regione.fvg.it/" data-type="URL" data-id="https://cartafamiglia.regione.fvg.it/" target="_blank">FRONT END</a> solo attraverso una delle seguenti modalità:</p>



<ol><li><a href="https://www.spid.gov.it/">SPID &#8211; Sistema pubblico di identità digitale</a></li><li><a href="https://www.cartaidentita.interno.gov.it/">CIE &#8211; Carta d’i dentità elettronica italiana</a></li><li><a href="https://www.regione.fvg.it/rafvg/cms/RAFVG/GEN/carta-regionale-servizi/">CRS – Carta Regionale dei Servizi</a></li></ol>



<p>La domanda di Carta famiglia può essere presentata in qualsiasi momento dell’anno, anche contestualmente alla richiesta di benefici eventualmente attivati dall’Amministrazione regionale.</p>



<p></p>



<h3 id="block-a6276b45-bd17-45fc-a7e5-6e295809a8a8"></h3>

<p>Carta Famiglia CHE COS’È? La Carta famiglia è una misura regionale che promuove e sostiene le famiglie con figli a carico residenti nel territorio regionale. CHI PUÒ RICHIEDERLA La Carta famiglia può essere richiesta da:a)&nbsp;uno solo dei genitori&nbsp;appartenenti allo stesso nucleo familiare; b) in caso di separazione o divorzio, dal&nbsp;genitore che ha la cura della [&hellip;]</p>
