{"id":361,"date":"2020-09-06T17:22:32","date_gmt":"2020-09-06T15:22:32","guid":{"rendered":"https:\/\/www.sanquirino.info\/eventi\/il-servizio-per-te\/bando-locazioni-e-proprietari\/assistente-sociale\/"},"modified":"2022-05-04T14:24:44","modified_gmt":"2022-05-04T12:24:44","slug":"assistente-sociale","status":"publish","type":"page","link":"https:\/\/www.sanquirino.info\/eventi\/il-servizio-per-te\/assistente-sociale\/","title":{"rendered":"Assistente Sociale"},"content":{"rendered":"\n<h3>Assistente Sociale<\/h3>\n\n\n\n<p>Ente Gestore Comune di Pordenone Unit\u00e0 Operativa Territoriale Cordenons \u00b7 San Quirino \u00b7 Zoppola<\/p>\n\n\n\n<p>DI CHE COSA SI OCCUPA?<\/p>\n\n\n\n<p>Per la generalit\u00e0 della popolazione:<\/p>\n\n\n\n<ul id=\"l1\"><li>Servizio Sociale Professionale \u2022 Segretariato Sociale<\/li><li>Pronto Intervento Sociale \u2022 Contributi economici ordinari e straordinari \u2022 Misure regionali e nazionali di sostegno al reddito \u2022 Lavoro di comunit\u00e0Per la famiglia e i minori<\/li><li>Affido famigliare \u2022 Rette per accoglienze residenziali<\/li><li>Abbattimento rette nidi infanzia \u2022 Interventi educativi di supporto \u2022 Tutela minoriPer gli anziani<\/li><li>Fondo per l\u2019Autonomia Possibile<\/li><li>Lista Unica Accesso Case per Anziani e Centro Diurno<\/li><li>Servizio di Assistenza Domiciliare<\/li><li>Attivazione per Amministratore di SostegnoPer la disabilit\u00e0<\/li><li>Interventi di sostegno socio-assistenziale scolastico<\/li><li>Attivit\u00e0 integrativi di valenza socio-educativa in ambito scolastico ed extra scolastico<\/li><li>Attivazione e sostegno \u2022 Modalit\u00e0 individuali di trasporto \u2022 Servizio di aiuto personale<\/li><li>Fondo per l\u2019autonomia PossibilePer il disagio sociale<\/li><li>Interventi di contrasto ai fenomeni di povert\u00e0 e vulnerabilit\u00e0 sociale \u2022 Progettazioni di abitare sociale \u2022 Servizio di Orienta Lavoro<\/li><li>Fondo per l\u2019Autonomia Possibile Psichiatrico<\/li><li>Progettazione per la devianza \u2022 Rifugiati<\/li><\/ul>\n\n\n\n<p>CONTATTI<\/p>\n\n\n\n<p>L\u2019Assistente Sociale di riferimento per il territorio di San Quirino riceve su appuntamento nei seguenti orari:<\/p>\n\n\n\n<h3>dal luned\u00ec al gioved\u00ec dalle 8.00 alle 14.00. <strong>Il luned\u00ec ed il mercoled\u00ec dalle 14.00 alle 17.30<\/strong>.<\/h3>\n\n\n\n<h3>Apertura al pubblico per segretariato sociale: marted\u00ec dalle 10.30 alle 11.30<\/h3>\n\n\n\n<p>L\u2019ufficio amministrativo riceve il pubblico a San Quirino il&nbsp;<strong>venerd\u00ec dalle 10.00 alle 12.30 tel. 0434.917682&nbsp;<\/strong>(stesso ufficio dell\u2019Assistente Sociale).<\/p>\n\n\n\n<p>Per contatti telefonici \u00e8 possibile riferirsi a:\u00a0marco.dessoni@comune.pordenone.it . Per maggiori informazioni rivolgersi direttamente all\u2019Assistente Sociale: <strong>silvia.turcatel@comune.pordenone.it<\/strong> per giovani e adulti <strong>elisa.michelazzo@comune.pordenone.it<\/strong> per anziani<\/p>\n\n\n\n<p>tel 0434 917682.<\/p>\n","protected":false},"excerpt":{"rendered":"<p>Assistente Sociale Ente Gestore Comune di Pordenone Unit\u00e0 Operativa Territoriale Cordenons \u00b7 San Quirino \u00b7 Zoppola DI CHE COSA SI OCCUPA? Per la generalit\u00e0 della popolazione: Servizio Sociale Professionale \u2022 Segretariato Sociale Pronto Intervento Sociale \u2022 Contributi economici ordinari e straordinari \u2022 Misure regionali e nazionali di sostegno al reddito \u2022 Lavoro di comunit\u00e0Per la [&hellip;]<\/p>\n","protected":false},"author":25,"featured_media":0,"parent":145,"menu_order":12,"comment_status":"closed","ping_status":"closed","template":"","meta":[],"_links":{"self":[{"href":"https:\/\/www.sanquirino.info\/eventi\/wp-json\/wp\/v2\/pages\/361"}],"collection":[{"href":"https:\/\/www.sanquirino.info\/eventi\/wp-json\/wp\/v2\/pages"}],"about":[{"href":"https:\/\/www.sanquirino.info\/eventi\/wp-json\/wp\/v2\/types\/page"}],"author":[{"embeddable":true,"href":"https:\/\/www.sanquirino.info\/eventi\/wp-json\/wp\/v2\/users\/25"}],"replies":[{"embeddable":true,"href":"https:\/\/www.sanquirino.info\/eventi\/wp-json\/wp\/v2\/comments?post=361"}],"version-history":[{"count":9,"href":"https:\/\/www.sanquirino.info\/eventi\/wp-json\/wp\/v2\/pages\/361\/revisions"}],"predecessor-version":[{"id":1061,"href":"https:\/\/www.sanquirino.info\/eventi\/wp-json\/wp\/v2\/pages\/361\/revisions\/1061"}],"up":[{"embeddable":true,"href":"https:\/\/www.sanquirino.info\/eventi\/wp-json\/wp\/v2\/pages\/145"}],"wp:attachment":[{"href":"https:\/\/www.sanquirino.info\/eventi\/wp-json\/wp\/v2\/media?parent=361"}],"curies":[{"name":"wp","href":"https:\/\/api.w.org\/{rel}","templated":true}]}}